03021?
1111503021
In base 3, what is 112002221200120 - -11?
112002221200201
In base 3, what is 12122220 + -1122200022?
-1110000102
In base 6, what is -221055 + 350452?
125353
In base 5, what is -13223 + -121124?
-134402
In base 14, what is 4 - -129228b8?
129228bc
In base 8, what is 6 - 11453246?
-11453240
In base 8, what is 237257 + -5?
237252
In base 13, what is -52 - 649aa?
-64a2c
In base 6, what is 250223141304 + 3?
250223141311
In base 9, what is 6114843 + 20?
6114863
In base 4, what is -120011210213 + 32?
-120011210121
In base 13, what is a753749 + -16?
a753733
In base 9, what is 116818423 - 2?
116818421
In base 14, what is 598 - -7a9?
d63
In base 10, what is -2 - -59222900?
59222898
In base 5, what is 11033024232333 + -1?
11033024232332
In base 13, what is 25c + -1057?
-ac8
In base 9, what is -315538 - 265?
-315814
In base 8, what is -35 - -1016334?
1016277
In base 5, what is 13242031323 + 2?
13242031330
In base 14, what is -232 - dda7?
-101d9
In base 15, what is 0 + -9971984?
-9971984
In base 10, what is -679 + -16946?
-17625
In base 10, what is 24 - -4296240?
4296264
In base 16, what is 1 - 3a4757?
-3a4756
In base 14, what is 4a208 + -39?
4a1ad
In base 11, what is 69 - 4689289?
-4689220
In base 11, what is 1165 - 2816?
-1661
In base 10, what is 36 + -24873?
-24837
In base 15, what is 170 - 6386?
-6216
In base 4, what is -230323012 - -221321?
-230101031
In base 16, what is -11b + 6aaf?
6994
In base 11, what is 2011 - 31?
1a90
In base 16, what is -29f - -208189?
207eea
In base 11, what is -7054009 - -15?
-7053aa4
In base 7, what is 1 - 43004043?
-43004042
In base 14, what is -2d16 + 974?
-2382
In base 3, what is 21222201112120 - -20?
21222201112210
In base 8, what is 117222 + 1635?
121057
In base 8, what is 22126515 - -11?
22126526
In base 5, what is 10111 + -12422?
-2311
In base 14, what is 1 + -2d8bb16?
-2d8bb15
In base 6, what is 152500100 - 10?
152500050
In base 15, what is -a + -875e79?
-875e84
In base 5, what is 11213240440 - -3?
11213240443
In base 14, what is 3093 - -403?
3496
In base 16, what is -1420 - -e?
-1412
In base 3, what is -111121 - -112122011?
112010120
In base 4, what is 1 - -3010221313131?
3010221313132
In base 4, what is -10 + 22200310112031?
22200310112021
In base 5, what is 1211232 - 10003?
1201224
In base 13, what is 5 - 28b75b0?
-28b75a8
In base 5, what is -43420232233 + 11?
-43420232222
In base 7, what is -3222264544 - 0?
-3222264544
In base 16, what is 4b + 907e?
90c9
In base 2, what is 10111100100110111110 - 1001110?
10111100100101110000
In base 10, what is 7893 + 1105?
8998
In base 12, what is 1bab - -4578a?
47779
In base 14, what is 72 - -3b46d?
3b501
In base 9, what is 218 + 33537?
33756
In base 16, what is 4 - 669fd?
-669f9
In base 3, what is -1102210210010012 + 11?
-1102210210010001
In base 2, what is 111011111111001110101100010 - 111?
111011111111001110101011011
In base 14, what is -6db85 + -2b2?
-70057
In base 5, what is -412434224 - -114?
-412434110
In base 16, what is -2d89 - 2ddb?
-5b64
In base 16, what is -1f + 267add?
267abe
In base 3, what is 2 - 22221010111002020?
-22221010111002011
In base 15, what is -6 + -e30c99?
-e30ca0
In base 8, what is -4142373162 + -3?
-4142373165
In base 13, what is -1 + -12255c38?
-12255c39
In base 12, what is 247 - 4a50b?
-4a284
In base 14, what is -2 + 109907a?
1099078
In base 10, what is 275 + 61288?
61563
In base 2, what is 11111010010100100 + -1001?
11111010010011011
In base 16, what is 5cb - 4385?
-3dba
In base 15, what is 242382 + -1c?
242365
In base 16, what is -2fa - -8c39?
893f
In base 10, what is 0 - 15029169?
-15029169
In base 16, what is -3a3 - -75bb?
7218
In base 3, what is 20001 + 21022102110?
21022122111
In base 9, what is -505 + -755820?
-756425
In base 9, what is -3 - 32161011?
-32161014
In base 3, what is 221222220 + -200011?
221022202
In base 11, what is 8035935 + 5?
803593a
In base 11, what is 1 + 2565437?
2565438
In base 5, what is 310200232331 - -1?
310200232332
In base 5, what is 10331411 + -10?
10331401
In base 5, what is -2 + -34443043010?
-34443043012
In base 10, what is -208184 + -75?
-208259
In base 2, what is 101001001110101 + 11111000?
101001101101101
In base 15, what is -5a1 - e1ad?
-e75e
In base 2, what is -111000 - -101011010101010111010?
101011010101010000010
In base 14, what is -3456 - -127?
-332d
In base 14, what is -2 + b1d770d?
b1d770b
In base 6, what is -410550545 - 4?
-410550553
In base 16, what is -1a + 29633?
29619
In base 10, what is -12262952 - 5?
-12262957
In base 6, what is 124201 - -2221?
130422
In base 5, what is -2 - 4031414241?
-4031414243
In base 10, what is 20408 - 205?
20203
In base 11, what is 208 - -831?
a39
In base 5, what is 24311 - -14401?
44212
In base 14, what is 2357620 + -1?
235761d
In base 9, what is -1462 + -182332?
-183804
In base 16, what is -23f7c + a1?
-23edb
In base 10, what is -117 + 23165?
23048
In base 8, what is -1110 - -63606?
62476
In base 9, what is -25778 - -416?
-25362
In base 15, what is 2 + 17cb5c?
17cb5e
In base 3, what is 101002101 - -2212212002?
10020221110
In base 9, what is 10424618 - 10?
10424608
In base 16, what is 14faeb9 - -4?
14faebd
In base 10, what is -1483947 + 40?
-1483907
In base 11, what is -2 - 16a653a?
-16a6541
In base 8, what is -543 - 355443?
-356206
In base 2, what is -100011100011100011110000 + -10?
-100011100011100011110010
In base 10, what is -32068 - 960?
-33028
In base 13, what is -2b8a77a + a?
-2b8a770
In base 13, what is 10c61a - 94?
10c556
In base 4, what is -22 + 1310033332330?
1310033332302
In base 4, what is 332000 - 33?
331301
In base 12, what is 5 - 225a48a?
-225a485
In base 8, what is 4 - 311275?
-311271
In base 6, what is -3 - -5352051344?
5352051341
In base 11, what is 5 - 105859593?
-105859589
In base 8, what is 16442474 + 0?
16442474
In base 16, what is -163a022 - -6?
-163a01c
In base 13, what is 3 - 762165?
-762162
In base 15, what is 1b24 - 128c3?
-10c9e
In base 10, what is -31087 - 26?
-31113
In base 13, what is -2a9092 - -4?
-2a908b
In base 4, what is -13323 + 3033303?
3013320
In base 10, what is -5534338 - 1?
-5534339
In base 11, what is 392 + a873?
10155
In base 6, what is 4301345 - 1331?
4300014
In base 4, what is 3333112200 + -100?
3333112100
In base 3, what is -1100220122 + 101021221?
-222121201
In base 4, what is 32002202110001 + 3?
32002202110010
In base 8, what is -315036 + 226?
-314610
In base 13, what is 34c8a6 + -5?
34c8a1
In base 5, what is 0 - -11334224042?
11334224042
In base 2, what is -10001110100100100001101101 - 1111?
-10001110100100100001111100
In base 9, what is 1 - -603273262?
603273263
In base 14, what is -5 - 1572?
-1577
In base 8, what is -217 - -33437632?
33437413
In base 16, what is -4f038c6 + 0?
-4f038c6
In base 8, what is 0 - 201043157?
-201043157
In base 11, what is 386 + 13a5a7?
13a982
In base 2, what is -1000111 - -1001000111101100011111?
1001000111101011011000
In base 15, what is 204424b4 + 4?
204424b8
In base 3, what is -11200000100 + 101022?
-11122122001
In base 11, what is 162a043 + 5?
162a048
In base 15, what is -2 - 1e4563?
-1e4565
In base 9, what is 1230514 + 63?
1230577
In base 14, what is 8 - -a4ad6?
a4b00
In base 8, what is 1 - 1334453411?
-1334453410
In base 16, what is 106 + 111bc?
112c2
In base 16, what is 3c - 3da16?
-3d9da
In base 11, what is -5 - -1546958?
1546953
In base 8, what is -145611 - 200?
-146011
In base 7, what is 1350 - -10200656?
10202336
In base 6, what is -1031232 + -22142?
-1053414
In base 9, what is 2465 - -63576?
66152
In base 13, what is 116 - -b77b4?
b78ca
In base 5, what is 1041420303 + 4?
1041420312
In base 12, what is -1b3bb7b + 0?
-1b3bb7b
In base 2, what is -1 - 11010000111110010100110100111?
-11010000111110010100110101000
In base 8, what is 10020331 + 7?
10020340
In base 6, what is 302 + -42451203?
-42450501
In base 7, what is -634 - 132366?
-133333
In base 13, what is -2 + -42a0c5ba?
-42a0c5bc
In base 14, what is 214b3dc9 - 5?
214b3dc4
In base 2, what is 11110110 - -100011000100?
100110111010
In base 3, what is 100 - 102110102220222?
-102110102220122
In base 5, what is 24 - 104112443131?
-104112443102
In base 14, what is 4 - 1c344600?
-1c3445da
In base 13, what is 225 + -120b4?
-11b8c
In base 16, what is 4 + 11a39d9?
11a39dd
In base 3, what is 1210110 - 1010121?
122212
I